{"id":28,"date":"2026-04-14T06:19:17","date_gmt":"2026-04-14T06:19:17","guid":{"rendered":"https:\/\/fagerlonn.picknickmedia.se\/?page_id=28"},"modified":"2026-04-21T12:04:48","modified_gmt":"2026-04-21T12:04:48","slug":"markarbete","status":"publish","type":"page","link":"https:\/\/fagerlonn.picknickmedia.se\/index.php\/markarbete\/","title":{"rendered":"Markarbete"},"content":{"rendered":"<div class=\"et_pb_section_0 et_pb_section et_pb_section--absolute et_section_regular et_block_section\">\n<div class=\"et_pb_row_0 et_pb_row et_block_row\">\n<div class=\"et_pb_column_0 et_pb_column et_pb_column_4_4 et-last-child et_block_column et_pb_css_mix_blend_mode_passthrough\">\n<div class=\"et_pb_text_0 et_pb_text et_pb_bg_layout_light et_pb_module et_block_module\"><div class=\"et_pb_text_inner\"><p><!-- wp:divi\/placeholder \/--><\/p>\n<\/div><\/div>\n<\/div>\n<\/div>\n<\/div>\n\n<div class=\"et_pb_section_1 et_pb_section et_section_regular et_flex_section\">\n<div class=\"et_pb_row_1 et_pb_row et_flex_row\">\n<div class=\"et_pb_column_1 et_pb_column et-last-child et_flex_column et_pb_css_mix_blend_mode_passthrough et_flex_column_12_24 et_flex_column_12_24_tablet et_flex_column_24_24_phone\">\n<div class=\"et_pb_heading_0 et_pb_heading et_pb_module et_flex_module\"><div class=\"et_pb_heading_container\"><h1 class=\"et_pb_module_header\">Markarbete<\/h1><\/div><\/div>\n<\/div>\n<\/div>\n<\/div>\n\n<div class=\"et_pb_section_2 et_pb_section et_section_regular et_flex_section\">\n<div class=\"et_pb_row_2 et_pb_row et_flex_row\">\n<div class=\"et_pb_column_2 et_pb_column et_flex_column et_pb_css_mix_blend_mode_passthrough et_flex_column_12_24 et_flex_column_12_24_tablet et_flex_column_24_24_phone\">\n<div class=\"et_pb_text_1 et_pb_text et_pb_bg_layout_light et_pb_module et_flex_module\"><div class=\"et_pb_text_inner\"><p>Tj\u00e4nst<\/p>\n<\/div><\/div>\n\n<div class=\"et_pb_heading_1 et_pb_heading et_pb_module et_flex_module\"><div class=\"et_pb_heading_container\"><h2 class=\"et_pb_module_header\">Markarbete i Pite\u00e5<\/h2><\/div><\/div>\n\n<div class=\"et_pb_text_2 et_pb_text et_pb_bg_layout_light et_pb_module et_flex_module\"><div class=\"et_pb_text_inner\"><p>Markarbete \u00e4r grunden f\u00f6r ett h\u00e5llbart och lyckat projekt. Med r\u00e4tt f\u00f6rberedelser skapas stabila ytor som h\u00e5ller \u00f6ver tid \u2013 oavsett om det g\u00e4ller byggnation, uppfart eller tr\u00e4dg\u00e5rd.<\/p>\n<\/div><\/div>\n\n<div class=\"et_pb_heading_2 et_pb_heading et_pb_module et_flex_module\"><div class=\"et_pb_heading_container\"><h3 class=\"et_pb_module_header\">F\u00f6rberedelse av mark<\/h3><\/div><\/div>\n\n<div class=\"et_pb_text_3 et_pb_text et_pb_bg_layout_light et_pb_module et_flex_module\"><div class=\"et_pb_text_inner\"><p data-start=\"521\" data-end=\"755\">Ett v\u00e4l utf\u00f6rt markarbete b\u00f6rjar alltid med r\u00e4tt f\u00f6rberedelser. Vi schaktar, j\u00e4mnar till och anpassar marken efter projektets behov f\u00f6r att skapa en stabil grund att arbeta vidare p\u00e5. Genom noggrann planering minskar risken f\u00f6r framtida problem som s\u00e4ttningar och d\u00e5lig avrinning.<\/p>\n<\/div><\/div>\n\n<div class=\"et_pb_heading_3 et_pb_heading et_pb_module et_flex_module\"><div class=\"et_pb_heading_container\"><h3 class=\"et_pb_module_header\">Anl\u00e4ggning av ytor<\/h3><\/div><\/div>\n\n<div class=\"et_pb_text_4 et_pb_text et_pb_bg_layout_light et_pb_module et_flex_module\"><div class=\"et_pb_text_inner\"><p data-start=\"1038\" data-end=\"1116\">Vi anl\u00e4gger funktionella och snygga ytor som uppfarter, g\u00e5ngar och uteplatser. Med fokus p\u00e5 b\u00e5de h\u00e5llbarhet och utseende ser vi till att resultatet passar in i omgivningen och h\u00e5ller \u00f6ver tid. Underarbetet \u00e4r avg\u00f6rande f\u00f6r att slutresultatet ska bli bra.<\/p>\n<\/div><\/div>\n\n<div class=\"et_pb_heading_4 et_pb_heading et_pb_module et_flex_module\"><div class=\"et_pb_heading_container\"><h3 class=\"et_pb_module_header\">Helhetsl\u00f6sningar inom markarbete<\/h3><\/div><\/div>\n\n<div class=\"et_pb_text_5 et_pb_text et_pb_bg_layout_light et_pb_module et_flex_module\"><div class=\"et_pb_text_inner\"><p data-start=\"1038\" data-end=\"1116\">Vi erbjuder helhetsl\u00f6sningar d\u00e4r vi tar hand om hela processen \u2013 fr\u00e5n planering till f\u00e4rdigt resultat. Oavsett projektets storlek anpassar vi arbetet efter dina behov och ser till att allt utf\u00f6rs smidigt och effektivt.<\/p>\n<\/div><\/div>\n\n<div class=\"et_pb_heading_5 et_pb_heading et_pb_module et_flex_module\"><div class=\"et_pb_heading_container\"><h3 class=\"et_pb_module_header\">Trygghet och kvalitet<\/h3><\/div><\/div>\n\n<div class=\"et_pb_text_6 et_pb_text et_pb_bg_layout_light et_pb_module et_flex_module\"><div class=\"et_pb_text_inner\"><p data-start=\"1038\" data-end=\"1116\">Med erfarenhet, r\u00e4tt maskiner och ett \u00f6ga f\u00f6r detaljer levererar vi markarbeten med h\u00f6g kvalitet. Vi arbetar noggrant i varje steg och ser till att du som kund f\u00e5r ett resultat att lita p\u00e5.<\/p>\n<\/div><\/div>\n\n<div class=\"et_pb_module et_pb_button_module_wrapper et_pb_button_0_wrapper\"><a class=\"et_pb_button_0 et_pb_button et_pb_bg_layout_light et_pb_module et_flex_module\" href=\"\" data-icon=\"=\">Kontakta oss<\/a><\/div>\n<\/div>\n\n<div class=\"et_pb_column_3 et_pb_column et-last-child et_flex_column et_pb_css_mix_blend_mode_passthrough et_flex_column_12_24 et_flex_column_12_24_tablet et_flex_column_24_24_phone\">\n<div class=\"et_pb_image_0 et_pb_image et_pb_module et_flex_module\"><span class=\"et_pb_image_wrap\"><img loading=\"lazy\" decoding=\"async\" src=\"https:\/\/fagerlonn.picknickmedia.se\/wp-content\/uploads\/2026\/04\/heavy-excavator-digging-day-light-outdoors-scaled.jpg\" title=\"heavy-excavator-digging-day-light-outdoors\" width=\"1707\" height=\"2560\" srcset=\"https:\/\/fagerlonn.picknickmedia.se\/wp-content\/uploads\/2026\/04\/heavy-excavator-digging-day-light-outdoors-scaled.jpg 1707w, https:\/\/fagerlonn.picknickmedia.se\/wp-content\/uploads\/2026\/04\/heavy-excavator-digging-day-light-outdoors-1280x1920.jpg 1280w, https:\/\/fagerlonn.picknickmedia.se\/wp-content\/uploads\/2026\/04\/heavy-excavator-digging-day-light-outdoors-980x1470.jpg 980w, https:\/\/fagerlonn.picknickmedia.se\/wp-content\/uploads\/2026\/04\/heavy-excavator-digging-day-light-outdoors-480x720.jpg 480w\" sizes=\"(min-width: 0px) and (max-width: 480px) 480px, (min-width: 481px) and (max-width: 980px) 980px, (min-width: 981px) and (max-width: 1280px) 1280px, (min-width: 1281px) 1707px, 100vw\" class=\"wp-image-390\" \/><\/span><\/div>\n<\/div>\n<\/div>\n<\/div>","protected":false},"excerpt":{"rendered":"","protected":false},"author":2,"featured_media":0,"parent":0,"menu_order":0,"comment_status":"closed","ping_status":"closed","template":"","meta":{"footnotes":""},"class_list":["post-28","page","type-page","status-publish","hentry"],"_links":{"self":[{"href":"https:\/\/fagerlonn.picknickmedia.se\/index.php\/wp-json\/wp\/v2\/pages\/28","targetHints":{"allow":["GET"]}}],"collection":[{"href":"https:\/\/fagerlonn.picknickmedia.se\/index.php\/wp-json\/wp\/v2\/pages"}],"about":[{"href":"https:\/\/fagerlonn.picknickmedia.se\/index.php\/wp-json\/wp\/v2\/types\/page"}],"author":[{"embeddable":true,"href":"https:\/\/fagerlonn.picknickmedia.se\/index.php\/wp-json\/wp\/v2\/users\/2"}],"replies":[{"embeddable":true,"href":"https:\/\/fagerlonn.picknickmedia.se\/index.php\/wp-json\/wp\/v2\/comments?post=28"}],"version-history":[{"count":15,"href":"https:\/\/fagerlonn.picknickmedia.se\/index.php\/wp-json\/wp\/v2\/pages\/28\/revisions"}],"predecessor-version":[{"id":400,"href":"https:\/\/fagerlonn.picknickmedia.se\/index.php\/wp-json\/wp\/v2\/pages\/28\/revisions\/400"}],"wp:attachment":[{"href":"https:\/\/fagerlonn.picknickmedia.se\/index.php\/wp-json\/wp\/v2\/media?parent=28"}],"curies":[{"name":"wp","href":"https:\/\/api.w.org\/{rel}","templated":true}]}}